
Is 20653 a composite number?
True
Is 6336907 prime?
True
Is 21683 composite?
False
Is 15779 a composite number?
True
Is 17623 a composite number?
False
Is 19289 prime?
True
Is 32687 a composite number?
False
Is 463787 composite?
False
Is 84887 prime?
False
Is 1139 a composite number?
True
Is 17431 composite?
False
Is 1155758 composite?
True
Is 248849 a prime number?
False
Is 1949 a composite number?
False
Is 303595 composite?
True
Is 16331 composite?
True
Is 327034 a prime number?
False
Is 25778 a prime number?
False
Is 970469 composite?
False
Is 15217 composite?
False
Is 103111 composite?
True
Is 161569 a prime number?
True
Is 30273 composite?
True
Is 17377 composite?
False
Is 444361 prime?
False
Is 14969 a composite number?
False
Is 367585 composite?
True
Is 693943 composite?
False
Is 196583 a composite number?
False
Is 151229 prime?
False
Is 8641 a prime number?
True
Is 103217 prime?
True
Is 313337 a prime number?
False
Is 110119 a prime number?
True
Is 18413 a composite number?
False
Is 47189 a composite number?
False
Is 475831 a composite number?
False
Is 55609 a prime number?
True
Is 421303 a prime number?
True
Is 37087 composite?
False
Is 56053 prime?
True
Is 30869 composite?
False
Is 778 prime?
False
Is 22519 a composite number?
True
Is 226153 a composite number?
True
Is 19277 a composite number?
True
Is 6337 prime?
True
Is 123263 a prime number?
False
Is 865073 composite?
True
Is 185503 a prime number?
False
Is 317687 a composite number?
True
Is 7901 a prime number?
True
Is 9511 a prime number?
True
Is 6521 a prime number?
True
Is 238361 a prime number?
True
Is 10874 a prime number?
False
Is 52231 a composite number?
True
Is 26449 composite?
False
Is 206509 a composite number?
True
Is 2643 composite?
True
Is 102547 a prime number?
True
Is 339143 a composite number?
True
Is 31469 a composite number?
False
Is 165219 prime?
False
Is 326831 a prime number?
True
Is 47327 a prime number?
False
Is 171371 prime?
False
Is 1409 composite?
False
Is 48439 prime?
False
Is 90887 a prime number?
True
Is 46993 a composite number?
False
Is 23369 prime?
True
Is 399767 a composite number?
True
Is 190507 a prime number?
True
Is 10771 a composite number?
False
Is 33185 prime?
False
Is 16869 composite?
True
Is 221017 prime?
False
Is 240553 a prime number?
False
Is 11231 a composite number?
True
Is 6131 composite?
False
Is 63005 a composite number?
True
Is 11113 a composite number?
False
Is 2215 a composite number?
True
Is 5039 prime?
True
Is 505018 prime?
False
Is 7661 prime?
False
Is 382 a composite number?
True
Is 60911 a composite number?
True
Is 1626649 composite?
False
Is 78673 composite?
True
Is 3691 a prime number?
True
Is 658855 composite?
True
Is 73603 prime?
False
Is 5262065 composite?
True
Is 115301 composite?
False
Is 8999 a composite number?
False
Is 152257 a composite number?
True
Is 2275553 prime?
False
Is 20039 a composite number?
True
Is 8749 a prime number?
False
Is 21557 prime?
True
Is 182345 a composite number?
True
Is 8219 composite?
False
Is 267271 a composite number?
False
Is 15709 composite?
True
Is 144539 a prime number?
True
Is 366653 prime?
False
Is 247301 a composite number?
False
Is 838 prime?
False
Is 2038 composite?
True
Is 90227 composite?
False
Is 350777 composite?
True
Is 99949 a prime number?
False
Is 123107 a composite number?
True
Is 81509 prime?
True
Is 39434 composite?
True
Is 452201 composite?
False
Is 877 a prime number?
True
Is 179143 a prime number?
True
Is 141157 composite?
False
Is 21639 a prime number?
False
Is 438259 a composite number?
False
Is 3223 a composite number?
True
Is 1087 composite?
False
Is 288049 composite?
False
Is 889 composite?
True
Is 327757 a composite number?
False
Is 19531 a prime number?
True
Is 71833 a composite number?
True
Is 383723 a prime number?
True
Is 22141 prime?
False
Is 2973 prime?
False
Is 58274 prime?
False
Is 305455 a prime number?
False
Is 623 prime?
False
Is 2333 a composite number?
False
Is 55163 prime?
True
Is 120601 a composite number?
True
Is 1461741 a composite number?
True
Is 10781 composite?
False
Is 256645 a composite number?
True
Is 41281 a prime number?
True
Is 14227 prime?
False
Is 24659 a composite number?
False
Is 40087 composite?
False
Is 5933 composite?
True
Is 5006 composite?
True
Is 106979 composite?
False
Is 334649 prime?
False
Is 7273 composite?
True
Is 7867 a composite number?
False
Is 126745 composite?
True
Is 14141 composite?
True
Is 1815217 a composite number?
False
Is 1596629 composite?
False
Is 48239 composite?
False
Is 3361255 a prime number?
False
Is 178297 a composite number?
True
Is 42793 composite?
False
Is 1045307 a composite number?
False
Is 223963 a composite number?
False
Is 10207 a composite number?
True
Is 12687 composite?
True
Is 391009 a prime number?
True
Is 1753 composite?
False
Is 3543 composite?
True
Is 46261 a prime number?
True
Is 994811 composite?
False
Is 878689 prime?
False
Is 2101 a composite number?
True
Is 93131 prime?
True
Is 3989 a prime number?
True
Is 67 a composite number?
False
Is 9398315 composite?
True
Is 4894 a composite number?
True
Is 27503 prime?
False
Is 1195 a prime number?
False
Is 121483 prime?
False
Is 105911 a composite number?
True
Is 394619 composite?
False
Is 26149 a prime number?
False
Is 222247 a prime number?
True
Is 979 composite?
True
Is 239299 a composite number?
True
Is 22669 composite?
False
Is 41297 composite?
True
Is 28201 prime?
True
Is 2153 a composite number?
False
Is 4831 a prime number?
True
Is 21761 a composite number?
True
Is 335861 a composite number?
True
Is 211403 a composite number?
False
Is 515401 prime?
True
Is 7747 a composite number?
True
Is 5458 composite?
True
Is 427409 prime?
False
Is 437 a prime number?
False
Is 1067 composite?
True
Is 15335 a composite number?
True
Is 2159 prime?
False
Is 40387 a prime number?
True
Is 305267 a composite number?
False
Is 14891 a composite number?
False
Is 577957 prime?
True
Is 225941 prime?
True
Is 158993 a prime number?
True
Is 1439107 a prime number?
True
Is 19441 a prime number?
True
Is 15391 a composite number?
False
Is 113177 prime?
True
Is 42969 a prime number?
False
Is 1308457 composite?
False
Is 62597 a composite number?
False
Is 74759 composite?
False
Is 1633 a composite number?
True
Is 246469 a composite number?
False
Is 2391 prime?
False
Is 1740499 a composite number?
False
Is 2531 a prime number?
True
Is 9343 composite?
False
Is 2719 a prime number?
True
Is 234965 a prime number?
False
Is 627017 a composite number?
False
Is 10427 composite?
False
Is 298163 composite?
True
Is 798397 composite?
False
Is 22007 composite?
True
Is 15493 prime?
True
Is 1363 a prime number?
False
Is 1466701 prime?
True
Is 4532737 prime?
False
Is 30869 composite?
False
Is 223442 a prime number?
False
Is 38113 prime?
True
Is 246301 a composite number?
True
Is 104245 composite?
True
Is 524209 a prime number?
False
Is 197621 composite?
False
Is 26521 a composite number?
True
Is 8345 composite?
True
Is 26171 composite?
False
Is 2195 a composite number?
True
Is 37763 a prime number?
False
Is 2999 a prime number?
True
Is 122329 a prime number?
False
Is 41059 prime?
False
Is 479 a prime number?
True
Is 4637 a prime number?
True
Is 461867 prime?
False
Is 182291 a composite number?
True
Is 493951 composite?
True
Is 1617067 composite?
True
Is 93037 composite?
True
Is 72251 a prime number?
True
Is 131897 a composite number?
True
Is 260171 a composite number?
False
Is 57711 composite?
True
Is 17481 a prime number?
False
Is 56011 prime?
False
Is 20161 composite?
False
Is 8081 prime?
True
Is 103 composite?
False
Is 220261 a composite number?
True
Is 1917229 prime?
False
Is 1928105 a prime number?
False
Is 301367 a composite number?
True
Is 2759 a composite number?
True
Is 31469 prime?
True
Is 21043 prime?
False
Is 21057 a prime number?
False
Is 11159 composite?
False
Is 322817 composite?
True
Is 12205 a prime number?
False
Is 188357 prime?
False
Is 215587 composite?
False
Is 771727 composite?
True
Is 601879 a prime number?
False
Is 185051 prime?
True
Is 145059 a composite number?
True
Is 8795 prime?
False
Is 4987 a composite number?
False
Is 18947 prime?
True
Is 258233 prime?
True
Is 140969 composite?
True
Is 1210523 composite?
False
Is 21911 a prime number?
True